3) in base 7?
5
Convert -c (base 16) to base 8.
-14
Convert -22 (base 7) to base 5.
-31
What is 1 (base 8) in base 6?
1
-110110 (base 2) to base 4
-312
3 (base 10) to base 13
3
-13 (base 9) to base 11
-11
Convert 60 (base 14) to base 9.
103
124 (base 6) to base 8
64
-e (base 15) to base 6
-22
What is 30 (base 5) in base 7?
21
What is -2 (base 13) in base 2?
-10
Convert -3 (base 16) to base 12.
-3
What is 4 (base 6) in base 7?
4
-1 (base 9) to base 10
-1
What is 1000111 (base 2) in base 11?
65
6 (base 10) to base 11
6
What is 6b (base 16) in base 13?
83
What is -3 (base 10) in base 14?
-3
225 (base 6) to base 8
131
-52 (base 15) to base 11
-70
Convert 4 (base 16) to base 2.
100
What is -51 (base 6) in base 9?
-34
Convert 3 (base 14) to base 3.
10
68 (base 10) to base 12
58
Convert -20 (base 5) to base 10.
-10
What is -53 (base 10) in base 12?
-45
What is -3 (base 16) in base 10?
-3
Convert -120 (base 9) to base 6.
-243
216 (base 8) to base 2
10001110
201 (base 4) to base 12
29
Convert -20 (base 6) to base 16.
-c
What is 4 (base 10) in base 9?
4
What is 101 (base 4) in base 10?
17
What is 11011000 (base 2) in base 14?
116
Convert 12110 (base 3) to base 2.
10010011
4 (base 7) to base 13
4
-143 (base 6) to base 9
-70
What is 27 (base 15) in base 16?
25
Convert -5 (base 8) to base 16.
-5
10 (base 2) to base 13
2
Convert 43 (base 13) to base 16.
37
1100 (base 2) to base 16
c
What is 262 (base 9) in base 11?
189
Convert -3 (base 13) to base 8.
-3
101 (base 3) to base 15
a
What is 81 (base 9) in base 12?
61
What is 5 (base 7) in base 8?
5
Convert -163 (base 9) to base 16.
-8a
What is -203 (base 5) in base 6?
-125
Convert 10111 (base 3) to base 9.
114
What is 13 (base 13) in base 14?
12
What is -5 (base 6) in base 15?
-5
Convert -33 (base 4) to base 2.
-1111
Convert 1110010 (base 2) to base 4.
1302
-20 (base 16) to base 15
-22
Convert -5 (base 8) to base 4.
-11
-3 (base 7) to base 8
-3
What is -100 (base 2) in base 13?
-4
Convert -12 (base 8) to base 2.
-1010
Convert 3 (base 8) to base 7.
3
-189 (base 12) to base 7
-504
Convert 2 (base 12) to base 15.
2
Convert -145 (base 15) to base 9.
-352
0 (base 9) to base 6
0
9 (base 11) to base 8
11
Convert 2c (base 16) to base 12.
38
Convert 331 (base 4) to base 9.
67
Convert -3 (base 12) to base 15.
-3
0 (base 6) to base 11
0
-1 (base 13) to base 15
-1
33 (base 12) to base 16
27
What is 0 (base 15) in base 14?
0
Convert 31 (base 15) to base 10.
46
-144 (base 6) to base 5
-224
What is -2d (base 14) in base 5?
-131
Convert -194 (base 10) to base 7.
-365
What is 2 (base 15) in base 6?
2
Convert -3 (base 4) to base 10.
-3
What is 12 (base 10) in base 14?
c
Convert 40 (base 5) to base 13.
17
What is 100110 (base 2) in base 16?
26
c (base 14) to base 4
30
Convert 131 (base 9) to base 12.
91
Convert 5 (base 10) to base 6.
5
5 (base 14) to base 9
5
1011110 (base 2) to base 11
86
Convert -11 (base 3) to base 11.
-4
0 (base 16) to base 15
0
-2c (base 15) to base 9
-46
Convert 12 (base 6) to base 9.
8
What is -4 (base 7) in base 9?
-4
3 (base 7) to base 14
3
Convert -2 (base 11) to base 14.
-2
-6a (base 15) to base 13
-79
Convert -1 (base 10) to base 3.
-1
5 (base 14) to base 3
12
Convert 1 (base 14) to base 5.
1
What is 155 (base 13) in base 4?
3233
Convert 5 (base 8) to base 5.
10
273 (base 10) to base 15
133
What is -1 (base 10) in base 11?
-1
What is 3 (base 11) in base 2?
11
What is 59 (base 12) in base 5?
234
What is 1 (base 11) in base 15?
1
-2 (base 11) to base 9
-2
1001111 (base 2) to base 7
142
1 (base 11) to base 6
1
What is 11122 (base 3) in base 7?
236
Convert 3 (base 11) to base 13.
3
-11 (base 2) to base 8
-3
Convert -60 (base 15) to base 3.
-10100
Convert 0 (base 6) to base 12.
0
Convert -14 (base 9) to base 8.
-15
What is -310 (base 8) in base 6?
-532
-9 (base 15) to base 8
-11
What is 1 (base 4) in base 5?
1
What is -12 (base 6) in base 8?
-10
Convert -6 (base 14) to base 15.
-6
Convert 36 (base 8) to base 7.
42
What is 21 (base 12) in base 8?
31
Convert -13 (base 15) to base 5.
-33
1 (base 5) to base 16
1
What is -10 (base 5) in base 12?
-5
-17 (base 12) to base 14
-15
Convert 120 (base 8) to base 2.
1010000
35 (base 11) to base 10
38
-20 (base 13) to base 7
-35
What is 100110010 (base 2) in base 9?
370
What is -1000100 (base 2) in base 14?
-4c
1000 (base 2) to base 13
8
Convert -3 (base 13) to base 15.
-3
What is 3 (base 5) in base 2?
11
Convert 0 (base 5) to base 10.
0
What is -101 (base 3) in base 11?
-a
0 (base 12) to base 16
0
What is 5 (base 10) in base 3?
12
-2 (base 7) to base 5
-2
2 (base 5) to base 13
2
-8 (base 9) to base 2
-1000
Convert 17 (base 11) to base 3.
200
What is 10 (base 13) in base 15?
d
Convert 1 (base 11) to base 2.
1
Convert 11001100 (base 2) to base 3.
21120
Convert 524 (base 6) to base 12.
144
7 (base 9) to base 7
10
What is 15 (base 10) in base 9?
16
1 (base 10) to base 15
1
-6 (base 7) to base 10
-6
1a (base 15) to base 12
21
Convert 30 (base 16) to base 11.
44
3 (base 5) to base 3
10
Convert -172 (base 12) to base 15.
-105
Convert -13 (base 4) to base 14.
-7
What is 30 (base 9) in base 2?
11011
Convert c (base 16) to base 14.
c
Convert -22 (base 11) to base 16.
-18
Convert -3 (base 12) to base 5.
-3
What is 24 (base 12) in base 11?
26
Convert -40 (base 8) to base 13.
-26
What is -2 (base 4) in base 16?
-2
Convert -1111 (base 2) to base 16.
-f
What is 1 (base 11) in base 4?
1
9 (base 12) to base 4
21
Convert -43 (base 7) to base 13.
-25
Convert -100 (base 6) to base 15.
-26
-153 (base 6) to base 2
-1000101
Convert -100110 (base 2) to base 9.
-42
Convert 5 (base 15) to base 16.
5
Convert -19 (base 16) to base 3.
-221
Convert 1023 (base 4) to base 3.
2210
What is -1 (base 16) in base 5?
-1
-3 (base 13) to base 4
-3
What is 13 (base 11) in base 14?
10
-3 (base 5) to base 7
-3
Convert -19 (base 12) to base 10.
-21
What is -2 (base 13) in base 4?
-2
Convert 1 (base 2) to base 10.
1
Convert 221 (base 4) to base 5.
131
Convert 2 (base 13) to base 2.
10
What is 0 (base 12) in base 4?
0
-3 (base 8) to base 11
-3
What is -21 (base 12) in base 6?
-41
What is 10 (base 3) in base 13?
3
-132 (base 7) to base 15
-4c
Convert -203 (base 4) to base 15.
-25
What is 1b (base 16) in base 13?
21
Convert 0 (base 16) to base 11.
0
Convert 8 (base 9) to base 5.
13
-2 (base 8) to base 2
-10
Convert -3 (base 16) to base 9.
-3
Convert 2 (base 12) to base 14.
2
1 (base 7) to base 6
1
1a (base 12) to base 6
34
-10101 (base 2) to base 16
-15
-2 (base 9) to base 2
-10
What is 1 (base 12) in base 2?
1
Convert 161 (base 13) to base 14.
13a
1 (base 12) to base 6
1
What is 11 (base 4) in base 14?
5
Convert 2 (base 7) to base 2.
10
-2 (base 3) to base 12
-2
Convert 1 (base 5) to base 16.
1
What is -11 (base 5) in base 7?
-6
What is 2 (base 5) in base 10?
2
What is 4 (base 14) in base 11?
4
What is 99 (base 12) in base 14?
85
Convert -3 (base 9) to base 14.
-3
336 (base 7) to base 6
450
-5 (base 6) to base 10
-5
Convert -6 (base 7) to base 11.
-6
10 (base 4) to base 11
4
Convert 21 (base 3) to base 15.
7
-9 (base 13) to base 12
-9
Convert 0 (base 10) to base 4.
0
Convert 122 (base 4) to base 13.
20
Convert -2 (base 3) to base 4.
-2
-16 (base 11) to base 8
-21
Convert 3 (base 6) to base 3.
10
Convert -1 (base 13) to base 2.
-1
46 (base 9) to base 13
33
What is 1062 (base 7) in base 3?
112100
Convert 35 (base 10) to base 13.
29
What is -4 (base 13) in base 2?
-100
Convert -1 (base 9) to base 2.
-1
Convert 8 (base 11) to base 10.
8
What is -1 (base 15) in base 2?
-1
-153 (base 10) to base 14
-ad
Convert 1 (base 13) to base 3.
1
-124 (base 11) to base 4
-2103
Convert 4 (base 7) to base 12.
4
What is 1 (base 12) in base 16?
1
What is -11 (base 2) in base 15?
-3
Convert 2 (base 6) to base 3.
2
What is 5c (base 15) in base 14?
63
0 (base 11) to base 6
0
Convert 545 (base 8) to base 16.
165
What is -1 (base 9) in base 2?
-1
1231 (base 4) to base 13
85
4 (base 6) to base 11
4
Convert -1 (base 9) to base 2.
-1
Convert -2 (base 5) to base 9.
-2
Convert -3 (base 6) to base 7.
-3
8 (base 16) to base 5
13
Convert 7 (base 11) to base 9.
7
Convert 223 (base 6) to base 16.
57
Convert 11 (base 7) to base 9.
8
What is -8 (base 14) in base 10?
-8
What is 7 (base 13) in base 8?
7
What is -4 (base 12) in base 8?
-4
Convert 3 (b